d 260?
1
What is the highest common factor of 5187 and 533442?
273
What is the greatest common factor of 66309 and 69?
69
Calculate the greatest common divisor of 17650 and 6050.
50
Calculate the greatest common factor of 7731 and 320407.
859
Calculate the greatest common factor of 8164 and 3925.
157
What is the highest common factor of 7990 and 5950?
170
What is the highest common factor of 477 and 3690?
9
Calculate the greatest common factor of 8876 and 28.
28
Calculate the highest common factor of 6208 and 6752.
32
What is the greatest common factor of 8310 and 6?
6
What is the greatest common divisor of 80622 and 7101?
27
What is the greatest common factor of 455 and 4445?
35
What is the greatest common divisor of 4355 and 559?
13
What is the highest common divisor of 59541 and 2403?
267
Calculate the greatest common factor of 47 and 1011299.
47
What is the highest common divisor of 8814 and 6942?
78
Calculate the highest common factor of 842948 and 6640.
332
What is the greatest common factor of 19576 and 3?
1
What is the highest common divisor of 103 and 294271?
103
What is the highest common divisor of 28 and 47271?
7
What is the greatest common factor of 16027054 and 1382?
1382
Calculate the highest common factor of 154 and 22726.
22
Calculate the greatest common divisor of 632 and 5851372.
316
Calculate the highest common factor of 7697 and 1634.
43
What is the highest common divisor of 55188 and 42?
42
Calculate the greatest common divisor of 9273 and 33.
33
What is the highest common divisor of 28098 and 54?
18
What is the highest common factor of 1145991 and 336?
21
What is the greatest common divisor of 1568 and 4263?
49
Calculate the highest common factor of 3 and 2945.
1
What is the greatest common factor of 1076471 and 22?
11
What is the greatest common factor of 898 and 6494336?
898
Calculate the greatest common divisor of 1086656 and 64.
64
What is the highest common factor of 653187 and 239?
239
Calculate the greatest common divisor of 80 and 18310.
10
Calculate the greatest common divisor of 3431 and 230441.
47
Calculate the highest common factor of 138192 and 3.
3
What is the highest common factor of 2012163 and 519?
519
Calculate the greatest common divisor of 90 and 326394.
18
Calculate the highest common factor of 162521 and 14564.
331
What is the highest common factor of 885 and 4720?
295
Calculate the highest common divisor of 157221 and 647.
647
Calculate the greatest common divisor of 6816 and 64.
32
What is the highest common factor of 4465 and 6213?
19
Calculate the highest common divisor of 1975 and 25.
25
Calculate the highest common divisor of 1632624 and 903.
903
Calculate the highest common factor of 734896 and 1472.
368
What is the greatest common divisor of 1997397 and 615?
123
Calculate the highest common divisor of 38944 and 20.
4
Calculate the highest common divisor of 5697955 and 155.
155
What is the greatest common factor of 17 and 52853?
17
What is the greatest common divisor of 21 and 6670839?
21
Calculate the greatest common factor of 208500 and 100.
100
What is the highest common factor of 100 and 30050?
50
Calculate the highest common factor of 283445 and 10.
5
Calculate the greatest common divisor of 6371 and 6925.
277
Calculate the highest common factor of 117 and 39507.
39
What is the highest common factor of 185920 and 35?
35
Calculate the greatest common divisor of 11958 and 4.
2
What is the greatest common factor of 636684 and 204?
204
What is the highest common divisor of 825 and 6075?
75
Calculate the greatest common divisor of 7 and 6240108.
7
What is the highest common divisor of 11133 and 252?
9
What is the highest common divisor of 116530 and 473?
43
Calculate the greatest common divisor of 593314 and 1376.
86
What is the greatest common divisor of 161 and 14786401?
161
Calculate the greatest common factor of 25512 and 47.
1
What is the greatest common factor of 232015 and 4655?
245
Calculate the greatest common divisor of 19 and 9939.
1
Calculate the highest common divisor of 36 and 51669.
9
What is the greatest common divisor of 5952 and 1426?
62
What is the highest common factor of 422 and 780067?
211
What is the greatest common divisor of 1091870 and 3178?
454
Calculate the highest common divisor of 117 and 636597.
117
What is the highest common divisor of 480 and 5770?
10
What is the greatest common divisor of 23129 and 3030?
101
Calculate the highest common factor of 85 and 66657.
17
Calculate the greatest common divisor of 4068 and 1332.
36
Calculate the greatest common divisor of 73 and 40661.
73
What is the highest common divisor of 696669 and 2715?
543
Calculate the greatest common factor of 1104 and 168456.
24
Calculate the highest common divisor of 290960 and 16.
16
What is the greatest common factor of 6125 and 12075?
175
What is the greatest common divisor of 1848 and 31038?
42
Calculate the highest common factor of 69222 and 6142.
166
What is the highest common divisor of 48200 and 160?
40
Calculate the greatest common divisor of 3780 and 142128.
756
What is the greatest common divisor of 4230698 and 674?
674
Calculate the highest common factor of 20526 and 286742.
622
Calculate the greatest common divisor of 120 and 7412280.
120
What is the highest common divisor of 20115 and 3?
3
Calculate the highest common divisor of 1832278 and 116.
58
What is the greatest common factor of 7116 and 336?
12
What is the greatest common divisor of 2414472 and 111?
111
What is the greatest common divisor of 27874 and 2896?
362
Calculate the greatest common divisor of 2736 and 224694.
342
Calculate the greatest common factor of 2809468 and 815.
163
What is the highest common factor of 88 and 1043636?
44
Calculate the greatest common divisor of 165888 and 1944.
648
Calculate the greatest common divisor of 240 and 255.
15
What is the highest common factor of 6589 and 55?
11
What is the greatest common divisor of 486 and 16200?
162
What is the greatest common factor of 337 and 17295514?
337
What is the highest common factor of 14 and 18347?
7
What is the greatest common factor of 1092 and 202566?
546
Calculate the highest common factor of 81620 and 880.
220
Calculate the greatest common divisor of 774528 and 768.
384
Calculate the highest common factor of 408 and 4752.
24
Calculate the greatest common divisor of 1860 and 25482.
186
What is the greatest common divisor of 1586 and 1976?
26
Calculate the highest common factor of 1382112 and 320.
32
Calculate the greatest common divisor of 200 and 32980.
20
What is the greatest common factor of 868 and 980?
28
What is the highest common factor of 19789 and 462?
77
What is the greatest common factor of 175 and 63518?
7
Calculate the greatest common factor of 30 and 1776.
6
Calculate the highest common divisor of 2407 and 5063.
83
Calculate the highest common factor of 77 and 20279.
7
Calculate the greatest common factor of 6231 and 6432.
201
What is the greatest common divisor of 175 and 9025?
25
What is the highest common divisor of 1017 and 7345?
113
What is the highest common factor of 66 and 22341?
33
Calculate the greatest common divisor of 165474 and 153.
9
What is the highest common factor of 2781 and 16068?
309
Calculate the greatest common factor of 703532 and 1292.
76
What is the highest common factor of 74368 and 4?
4
What is the greatest common factor of 321059 and 58?
29
What is the greatest common factor of 449 and 26042?
449
What is the greatest common factor of 504630 and 324?
162
What is the greatest common divisor of 5562 and 48?
6
Calculate the highest common factor of 150 and 343900.
50
What is the greatest common divisor of 94247 and 79?
79
What is the highest common divisor of 27 and 1641?
3
Calculate the highest common divisor of 1454447 and 4763.
433
What is the greatest common divisor of 1266833 and 157?
157
What is the highest common divisor of 1954115 and 3396?
283
What is the greatest common divisor of 36476 and 88?
44
Calculate the highest common factor of 1505 and 4085.
215
What is the greatest common factor of 2433 and 4720831?
811
Calculate the greatest common factor of 31444 and 112.
28
Calculate the highest common divisor of 6800 and 1904.
272
What is the highest common divisor of 2863725 and 150?
75
What i